List the prime factors of 2055886.
2, 7, 146849
List the prime factors of 49805.
5, 7, 1423
What are the prime factors of 106491?
3, 7, 11, 461
List the prime factors of 2428333.
19, 127807
What are the prime factors of 1048212?
2, 3, 11, 2647
What are the prime factors of 5216487?
3, 757, 2297
What are the prime factors of 1588014?
2, 3, 88223
What are the prime factors of 180125?
5, 11, 131
List the prime factors of 6830582.
2, 11, 310481
List the prime factors of 13891904.
2, 13, 59, 283
List the prime factors of 430098.
2, 3, 97, 739
List the prime factors of 1701737.
59, 28843
List the prime factors of 17044833.
3, 13, 33619
List the prime factors of 275238.
2, 3, 1699
List the prime factors of 171326.
2, 17, 5039
List the prime factors of 255558.
2, 3, 191, 223
What are the prime factors of 1590990?
2, 3, 5, 181, 293
List the prime factors of 2936250.
2, 3, 5, 29
List the prime factors of 7800668.
2, 1950167
What are the prime factors of 2050008?
2, 3, 229, 373
List the prime factors of 104154.
2, 3, 17359
What are the prime factors of 192700?
2, 5, 41, 47
List the prime factors of 19731660.
2, 3, 5, 13, 41, 617
What are the prime factors of 14766984?
2, 3, 205097
What are the prime factors of 843786?
2, 3, 46877
What are the prime factors of 4361?
7, 89
List the prime factors of 1438240.
2, 5, 89, 101
List the prime factors of 257713.
257713
List the prime factors of 856726.
2, 13, 83, 397
What are the prime factors of 3657103?
29, 126107
What are the prime factors of 828510?
2, 3, 5, 27617
What are the prime factors of 24857562?
2, 3, 37, 41, 2731
What are the prime factors of 213721?
213721
List the prime factors of 227857.
7, 43, 757
What are the prime factors of 8531702?
2, 563, 7577
What are the prime factors of 160349?
7, 22907
What are the prime factors of 815903?
11, 613
What are the prime factors of 41383750?
2, 5, 33107
What are the prime factors of 8237647?
11, 748877
What are the prime factors of 16498907?
16498907
List the prime factors of 578166.
2, 3, 173, 557
What are the prime factors of 1052550?
2, 3, 5, 2339
What are the prime factors of 8551932?
2, 3, 47, 59, 257
List the prime factors of 96378.
2, 3, 16063
List the prime factors of 218351.
7, 31193
What are the prime factors of 595406?
2, 7, 71, 599
What are the prime factors of 470209?
470209
What are the prime factors of 889342?
2, 444671
What are the prime factors of 304388?
2, 7, 1553
List the prime factors of 261778.
2, 11, 73, 163
List the prime factors of 2520665.
5, 7, 72019
What are the prime factors of 833710?
2, 5, 263, 317
List the prime factors of 2124234.
2, 3, 7, 23, 733
What are the prime factors of 173821?
101, 1721
What are the prime factors of 358931?
358931
List the prime factors of 7731381.
3, 7, 23, 16007
List the prime factors of 1014411.
3, 338137
What are the prime factors of 1753398?
2, 3, 29, 3359
List the prime factors of 62904.
2, 3, 2621
What are the prime factors of 80514?
2, 3, 7, 71
List the prime factors of 2272833.
3, 84179
What are the prime factors of 192937?
29, 6653
What are the prime factors of 210881?
11, 19, 1009
List the prime factors of 6297475.
5, 109, 2311
List the prime factors of 888930.
2, 3, 5, 7, 17, 83
What are the prime factors of 185233?
185233
What are the prime factors of 1845929?
71, 25999
What are the prime factors of 1903596?
2, 3, 158633
List the prime factors of 1552425.
3, 5, 7, 2957
What are the prime factors of 19390173?
3, 11, 23, 59, 433
What are the prime factors of 12135878?
2, 6067939
What are the prime factors of 3222985?
5, 644597
List the prime factors of 1190658.
2, 3, 7, 28349
List the prime factors of 367705.
5, 13, 5657
What are the prime factors of 810668?
2, 202667
List the prime factors of 373541.
7, 17, 43, 73
List the prime factors of 296536.
2, 101, 367
List the prime factors of 345401.
7, 19, 53
List the prime factors of 748483.
449, 1667
What are the prime factors of 111877?
17, 6581
What are the prime factors of 19675257?
3, 7, 936917
What are the prime factors of 428284?
2, 107071
List the prime factors of 551777.
331, 1667
List the prime factors of 2752339.
139, 19801
What are the prime factors of 1330330?
2, 5, 133033
What are the prime factors of 1072007?
23, 127, 367
What are the prime factors of 8044829?
13, 618833
What are the prime factors of 505067?
505067
List the prime factors of 35508.
2, 3, 11, 269
List the prime factors of 4480677.
3, 18439
List the prime factors of 3761096.
2, 229, 2053
What are the prime factors of 3051707?
3051707
List the prime factors of 2343310.
2, 5, 234331
List the prime factors of 73658.
2, 13, 2833
What are the prime factors of 1548496?
2, 17, 5693
What are the prime factors of 548235?
3, 5, 31, 131
List the prime factors of 35583949.
2411, 14759
List the prime factors of 2769601.
2769601
What are the prime factors of 477116?
2, 181, 659
What are the prime factors of 948316?
2, 79, 3001
List the prime factors of 40870021.
997, 40993
What are the prime factors of 1630064?
2, 101879
List the prime factors of 122968.
2, 19, 809
List the prime factors of 280439.
23, 89, 137
List the prime factors of 1073166.
2, 3, 383, 467
What are the prime factors of 1085675?
5, 43427
What are the prime factors of 240839?
17, 31, 457
List the prime factors of 18458895.
3, 5, 7, 13, 13523
What are the prime factors of 25492879?
25492879
List the prime factors of 47108.
2, 11777
List the prime factors of 160772.
2, 40193
List the prime factors of 742466.
2, 371233
List the prime factors of 478334.
2, 239167
List the prime factors of 168642.
2, 3, 347
What are the prime factors of 183534?
2, 3, 13, 181
What are the prime factors of 309347?
71, 4357
What are the prime factors of 212864?
2, 1663
What are the prime factors of 1497813?
3, 239, 2089
What are the prime factors of 3187504?
2, 41, 43, 113
List the prime factors of 1022802.
2, 3, 11, 15497
List the prime factors of 4193871.
3, 11, 167, 761
What are the prime factors of 69024?
2, 3, 719
List the prime factors of 14051159.
14051159
List the prime factors of 31147906.
2, 233, 66841
What are the prime factors of 87352?
2, 61, 179
What are the prime factors of 520722?
2, 3, 9643
What are the prime factors of 5629631?
7, 31, 25943
List the prime factors of 1054820.
2, 5, 13, 4057
List the prime factors of 274015.
5, 7, 7829
List the prime factors of 820002.
2, 3, 19, 7193
What are the prime factors of 80982?
2, 3, 11, 409
What are the prime factors of 352643?
43, 59, 139
List the prime factors of 49812.
2, 3, 7, 593
What are the prime factors of 1471243?
137, 10739
List the prime factors of 7470010.
2, 5, 191, 3911
List the prime factors of 3806082.
2, 3, 7, 10069
What are the prime factors of 231817?
23, 10079
What are the prime factors of 807531?
3, 269177
What are the prime factors of 23939969?
23939969
What are the prime factors of 418510?
2, 5, 41851
List the prime factors of 6783860.
2, 5, 41, 8273
What are the prime factors of 152905?
5, 53, 577
What are the prime factors of 212852?
2, 127, 419
What are the prime factors of 382008?
2, 3, 11, 1447
What are the prime factors of 15314538?
2, 3, 61, 41843
List the prime factors of 424462.
2, 83, 2557
What are the prime factors of 3217604?
2, 13, 43, 1439
What are the prime factors of 582123?
3, 61, 3181
What are the prime factors of 3874961?
1531, 2531
What are the prime factors of 3606620?
2, 5, 180331
What are the prime factors of 194693?
19, 10247
What are the prime factors of 26033440?
2, 5, 162709
List the prime factors of 155337.
3, 7, 13, 569
List the prime factors of 92680.
2, 5, 7, 331
What are the prime factors of 7637?
7, 1091
What are the prime factors of 564161?
13, 43397
What are the prime factors of 1828503?
3, 17, 19, 37
List the prime factors of 1101136.
2, 68821
What are the prime factors of 1985920?
2, 5, 29, 107
List the prime factors of 7820644.
2, 13, 23, 503
What are the prime factors of 5157822?
2, 3, 173, 4969
List the prime factors of 271168.
2, 19, 223
List the prime factors of 3869882.
2, 19, 101839
List the prime factors of 3343467.
3, 1114489
List the prime factors of 7540953.
3, 7, 43, 1193
List the prime factors of 130155.
3, 5, 8677
What are the prime factors of 4051320?
2, 3, 5, 7, 13, 53
List the prime factors of 435408